he highest common factor of 7 and r.
7
Let t be (0 + 1)/((-2)/6). Let j be 8/(-1 - t)*1. Calculate the greatest common factor of j and 32.
4
Let h = 773 - 465. Calculate the highest common factor of h and 28.
28
Suppose -27 = -2*c + 33. Suppose 0*q + c = q. Calculate the greatest common factor of q and 45.
15
Let v(m) = -m**2 - 18*m - 25. Let c be v(-16). What is the highest common divisor of c and 35?
7
Let j(m) = m**3 - m**2 + m + 3. Let x be j(0). Let d be -1 - (-1 + -9 + x). Suppose 0 = 2*y + 9 - 33. Calculate the highest common divisor of y and d.
6
Let z(f) = 23*f + 4. Let h be z(4). Calculate the highest common divisor of h and 64.
32
Let q = -8 + 13. Suppose -d = -0*d - q. Suppose d*w = 38 + 7. Calculate the greatest common factor of w and 18.
9
Suppose 3*n - 1 = 2*n + 3*f, 0 = -3*n - 3*f + 39. Let q be 15/12*(-1 + 5). Suppose 0 = -3*u + q*u - 140. Calculate the greatest common factor of u and n.
10
Let a(s) = 2*s**2 + 4*s + 3. Let x be a(-3). Suppose -5*w = -2 + 22. Let o be w/2*x/(-2). What is the greatest common divisor of 72 and o?
9
Suppose 2*q - 17 = -5*t, -4 - 21 = 5*q - t. Let m be (36/(-2))/(3/q). What is the highest common divisor of 8 and m?
8
Let f(c) = -c**2 + 5*c - 4. Let y be 4 + 2/(-2 - 0). Let a be f(y). Suppose 7 = a*u - 7. Calculate the highest common divisor of 7 and u.
7
Suppose 6*o - 19 = 65. Calculate the greatest common divisor of o and 14.
14
Let g(z) = -3*z + 2. Let a(i) = 8*i - 6. Let v(u) = 4*a(u) + 11*g(u). Let s be v(-5). Suppose 3*p - 9 = -0*p. Calculate the greatest common factor of p and s.
3
Let x(o) = o + 30. Let t be x(-9). What is the highest common divisor of t and 168?
21
Suppose -4*r = -3*y - 262 + 47, -3*r + 140 = 2*y. Let o(w) = w**2 + 25. Let x be o(0). Calculate the highest common divisor of x and r.
25
Suppose 0 = -4*i - 155 + 751. Let j = 97 - 178. Let t = i + j. What is the highest common factor of t and 17?
17
Let c = -44 - -100. Suppose -4*i = -2*i - 3*g + 15, 5*i + 45 = 5*g. Let h = i - -20. Calculate the highest common divisor of h and c.
8
Let p be (-3)/6*6*1. Let b be p*(0 + 1)*-1. Suppose -b*t = 5*j - 16, -3*j + 40 = 5*t + 2*j. What is the highest common factor of t and 6?
6
Let s(u) = 2*u**2 - 4*u + 3. Let t be s(4). Calculate the highest common divisor of 19 and t.
19
Let a be (-86)/(-7) - (-2)/(-7). Suppose t + 418 = -w + 6*w, 4*t - 176 = -2*w. Calculate the greatest common divisor of a and w.
12
Suppose -2*a - 18 = -3*j, 13*j = 9*j + 3*a + 25. Let s(m) = m**2 - 5*m + 2. Let q be s(6). Calculate the highest common divisor of q and j.
4
Let o be (4 + (11 - -3))*1. Let u(i) = -28*i + 4. Let n be u(-5). Calculate the greatest common divisor of n and o.
18
Let f be 7 + (-4)/(-8)*6/(-3). What is the greatest common factor of f and 96?
6
Suppose 0 = 5*r - 2*q - 1008 - 1289, 2*q + 453 = r. Suppose -r = -3*g + t, 0 = -5*g - 2*t + 318 + 432. Calculate the highest common factor of 19 and g.
19
Let t be 1/(-3) - (-808)/(-24). Let f be t*-2*2/4. What is the highest common factor of f and 374?
34
Let i = -58 + 67. Calculate the greatest common factor of i and 3.
3
Suppose v = -5*w + 94, 2*w - 22 = w + 3*v. Calculate the greatest common factor of 38 and w.
19
Suppose -2*m + 2 = 3*x, 0 = m - x + 2*x - 3. Let d(q) = 3*q**2 + 2*q + 7. Let y be d(m). Suppose 2*p + 2*p = y. What is the greatest common divisor of 6 and p?
6
Let g = 2 - 0. Suppose -4*l + g*l = -8. What is the highest common divisor of l and 32?
4
Let j be 29/9 - 10/45. Suppose 4 = j*k - k. What is the greatest common divisor of k and 5?
1
Let d = -4 - -6. Suppose -d*g - 2*i - i + 49 = 0, 3*g - 74 = -4*i. Calculate the highest common factor of g and 13.
13
Let c(l) = -17*l - 4. Let q be c(-4). Suppose -3*t = -4*m - 0*m + 17, 4*m = 4*t + 20. Suppose 3 + 13 = m*j. What is the greatest common divisor of j and q?
8
Suppose 0 = -2*a + 5*v + 17, 4 - 18 = -2*a + 2*v. Let k(g) = 2*g**2 + 5. Let y be k(a). Calculate the highest common divisor of 7 and y.
7
Let o be (-3)/(-2)*2*1. Let j(z) be the second derivative of z**3/3 + 2*z**2 - 6*z. Let h be j(o). What is the greatest common divisor of 5 and h?
5
Let w(k) = -4*k**3 - 4*k**2 - 2*k. Let z be w(-2). Calculate the greatest common divisor of 4 and z.
4
Let o(w) = 19*w**2 + w - 1. Let a be o(1). Calculate the highest common factor of 133 and a.
19
Let z(l) = -7*l + 3. Let u be z(-4). Suppose u = 2*f - 1. What is the highest common factor of 176 and f?
16
Suppose -3 = -3*p, 3*u + 3*p + 410 = -p. Let m be (-4)/3 + u/(-9). What is the greatest common divisor of 28 and m?
14
Let h(f) = 2*f**2 + 5*f - 2. Let m be h(6). Calculate the highest common factor of m and 40.
20
Suppose -v + 34 = 2*c + 2*v, 3*c - v - 40 = 0. Let q = 0 + 2. Suppose 0 = -3*x - q*x + 490. Calculate the highest common divisor of x and c.
14
Let i(d) = -3*d + 12. Let a be i(-7). Let s be 1 + 1 + 1/1. What is the greatest common factor of s and a?
3
Suppose -42 + 41 = -l. Let m = -5 - -3. Let a = l - m. Calculate the highest common factor of a and 24.
3
Let x = -112 - -192. Suppose -4*r = 5*u - x, u + r - 32 = -3*r. Suppose -2*g = g - 9. Calculate the highest common divisor of g and u.
3
Let v = -11 - -16. Suppose -v*i + 12 + 23 = 0. Let o be (-1 - (1 + 1))*(-336)/18. What is the greatest common divisor of o and i?
7
Let x(t) be the first derivative of -t**4/4 - 2*t**3 - 3*t**2 + 5*t + 1. Let z be x(-5). Let u = z + -2. Calculate the highest common divisor of 16 and u.
8
Suppose -36 = -2*a - s, 2*a + 0*s = -4*s + 30. Calculate the highest common factor of a and 152.
19
Let w = 62 + -56. Let j = -10 + 16. What is the greatest common factor of w and j?
6
Suppose 5*s - 487 + 77 = 0. Calculate the greatest common divisor of s and 41.
41
Suppose f + 4 = 2. Let a be 2*f*(-1)/2. Let k = -25 + 47. What is the highest common divisor of a and k?
2
Let i(c) = -c**3 + 2*c**2 + 2*c + 4. Let a be i(4). Let n be 54/(-15)*a/6. Calculate the greatest common divisor of 60 and n.
12
Suppose 4*u + 5*l = 216, -3*u = -0*u - l - 162. What is the greatest common factor of 81 and u?
27
Let c be (3 - (-26)/(-6))/(3/(-36)). What is the highest common divisor of 144 and c?
16
Let n be (-1)/(-2) - (-5)/(-2). Let l be (-353)/(-4) - n/(-8). Suppose 28 = -5*i + l. What is the highest common divisor of i and 96?
12
Let m be 8*((-3)/(-2) + -2). Let o(v) = -v**3 - 3*v**2 + 2*v - 5. Let z be o(m). Let u be 4/(-1*z/(-6)). Calculate the highest common divisor of 4 and u.
4
Let l = -15 + 29. Suppose -7*a + 6*a + 48 = 0. Let h = a + -27. What is the highest common factor of h and l?
7
Let c = 20 - 8. Let b be (-10)/(-4)*(22 - -2). Calculate the highest common divisor of b and c.
12
Let i = 15 + -11. Let q = 6 - 2. What is the highest common divisor of i and q?
4
Let a = -5 + 29. What is the greatest common divisor of 8 and a?
8
Suppose -3*n = -59 - 103. Calculate the greatest common divisor of n and 6.
6
Suppose f - 13 = o + 11, 3*o = 5*f - 122. Calculate the highest common divisor of f and 125.
25
Suppose 0 = 7*l - 2*l + 2*w - 120, -2*l + 24 = -4*w. What is the greatest common divisor of 77 and l?
11
Let z(s) = s**3 + 2*s**2 - 2*s + 4. Let h be z(-3). Calculate the highest common divisor of h and 2.
1
Suppose -2*y + 129 = -0*y - n, 0 = -n - 3. What is the highest common factor of 7 and y?
7
Let u be (-98)/(-6) + (-20)/(-30). Calculate the highest common factor of 51 and u.
17
Suppose 290 = -5*h + 5*m, -22 = h - 2*m + 34. Let j be 1*(2/(-2) + 116). Let y = h + j. Calculate the highest common divisor of 11 and y.
11
Suppose 7 + 43 = 2*d. Let m = d - 3. Suppose 2*r - 3*w - m = -0*r, 3*w = 4*r - 38. What is the highest common factor of r and 16?
8
Let h = -53 + 54. What is the greatest common factor of 2 and h?
1
Let y(f) = -10*f**3 + 2*f**2 + f - 2. Let t be y(-2). Let a = 37 - 25. What is the greatest common factor of a and t?
12
Let y = -3 - -7. Let z be 15/4 + (-3)/y. Let j(u) = -u**2 + 6*u + 3. Let s be j(z). What is the highest common factor of 18 and s?
6
Suppose b = -0*b + 1. Suppose t = b + 1. Suppose -t*w = x - 41, 5*w - x + 2*x - 98 = 0. Calculate the greatest common factor of w and 38.
19
Let x = -34 + 9. Let v = x + 41. What is the greatest common divisor of v and 4?
4
Let s(j) = 3*j + 1. Let k be s(1). What is the highest common factor of 28 and k?
4
Le